7. Let d be p(-11). Suppose -2*n - 20 = -96. Calculate the greatest common divisor of d and n.
38
Let w be (-25)/(-5)*14/10. Suppose -2*g - w = -47. Suppose 0 = 2*r - 3*h - 81, 3*r + 3*h - 76 = -7. What is the greatest common factor of r and g?
10
Suppose 11*j + 5*j - 17*j = -90. What is the greatest common divisor of 2475 and j?
45
Let o = 3145 - -1483. What is the greatest common divisor of 78 and o?
26
Let f(d) = -d**2 + 3. Let k be f(0). Let q be -6*4/(-48)*10. Suppose -3*b - 31 = -q*b - c, 0 = -5*c + 5. What is the greatest common divisor of k and b?
3
Let n(i) = -i**3 - 5*i**2 - 465*i - 3192. Let m be n(-7). What is the highest common divisor of 203 and m?
7
Let x be 550 - ((-5)/2)/(5/20). What is the greatest common divisor of x and 770?
70
Suppose -q - 3*h = -16, 4*q + 2*h = q + 20. Suppose -q*p = -49 - 87. Suppose 21 = -v + p. What is the highest common divisor of 143 and v?
13
Let b be (-10)/4 + (-2)/(-4). Let c be (-1 + 2 + 41/(-6))/((-42)/252). Let v be 1/b*17*(c - 45). Calculate the highest common factor of 34 and v.
17
Suppose -78*w + 75*w + 21 = 0. Suppose -w*v = -2*v - 100. What is the greatest common divisor of v and 100?
20
Suppose 2*q + 5319 = 2*g - 3109, 2*g = 3*q + 8432. Calculate the highest common divisor of g and 50.
10
Suppose 1999 = 5*f + j, 2*f + 2*j - 814 = -2*j. Let x be (-2)/((-6)/(-4)*(-28)/f). Calculate the greatest common divisor of x and 19.
19
Suppose 0 = -4*c - 5*h - 811, 0 = 3*c - 3*h + 6*h + 606. Let k = 359 + c. What is the highest common divisor of k and 5?
5
Suppose -56*v + 36 = -38*v. Suppose -2*z = -v*p - 12, 0 = -5*z - 4*p + 6 + 24. Calculate the greatest common divisor of 48 and z.
6
Let o = -2617 + 2699. Let p = -6 - -47. Calculate the highest common divisor of p and o.
41
Let c(u) = 3*u + 119. Let n be c(0). Suppose -10*x = 31 + n. Let v = 144 + x. What is the highest common divisor of 43 and v?
43
Let z = 5 + 19. Let b(t) = -t**2 + 24*t + 4. Let m be b(z). Suppose 0 = -2*k + a - 6*a + 65, 4*a = m*k - 172. Calculate the greatest common divisor of 5 and k.
5
Suppose 4*m + u + 92 = -72, 3*u = m + 54. Let v be m - -39 - (1 + -106). What is the highest common factor of v and 255?
51
Let d be (-18)/12*(-102)/9. Let x(y) = 18 - 12*y + 10*y + y**2 + 18 - 12*y. Let c be x(d). Calculate the greatest common divisor of 29 and c.
29
Let o(j) = -123*j + 682. Let c be o(5). What is the greatest common factor of c and 737?
67
Suppose 59*a - 57*a = 2. Let t be (-14)/(-4) - (-3)/(-6). Suppose -2*n + a = -5, 4*n - t = c. Calculate the highest common divisor of c and 45.
9
Let q = 41 - 11. Suppose 3*x + 203 = 293. Calculate the greatest common factor of q and x.
30
Let o(n) = -5*n + 24. Let z be o(-5). Suppose 41 = -2*k + z. Let m(q) = 9*q + 32. Let h be m(k). What is the greatest common divisor of 17 and h?
17
Suppose -25 = -2*h + c + 49, 3*c - 102 = -3*h. Suppose -4*k - h = -k. Let l be (-212)/k + -1 + 4/3. Calculate the greatest common divisor of l and 9.
9
Let i be (-4 + -2)/(161/(-966)). Let j(h) = 7*h**2 + 2*h. Let k be j(6). Calculate the highest common divisor of k and i.
12
Let v = 11344 + -10992. What is the greatest common divisor of v and 1331?
11
Suppose -12600 = -125*f + 55*f. What is the greatest common factor of 5850 and f?
90
Suppose -i - 5*u = -2648, 8*u + 10 = 10*u. Calculate the greatest common divisor of 244 and i.
61
Let o = 20 + 48. Suppose 3*a = 6*a. Suppose 40 = q + 3*x, 0 = -a*q + 2*q + 5*x - 78. What is the greatest common divisor of q and o?
34
Suppose 17*o + 201*o - 638154 = -24*o. What is the highest common divisor of o and 3223?
293
Let h be 15250/(-80)*(-9 - -1). What is the greatest common divisor of h and 75?
25
Suppose 2*p - 113 = -5*s, -10*p + 4*s + 204 = -7*p. What is the greatest common factor of p and 6560?
32
Let a(l) = 22*l**2 - 79*l - 242. Let u be a(-8). Calculate the greatest common divisor of 4 and u.
2
Let p = 96 + -81. Suppose 8 = -4*t - 12. Let v be 9*t/(-2)*(-80)/(-15). Calculate the highest common divisor of p and v.
15
Suppose -3*f + 3*d + 2931 = 0, -46*d + 41*d = 5. What is the highest common divisor of f and 48?
16
Let d(p) = 5*p - 1. Let z = -100 - -93. Let h be d(z). Let f = h + 80. What is the greatest common factor of 4 and f?
4
Let x(l) = l**2 - 121*l + 2748. Let r be x(30). What is the highest common divisor of 708 and r?
6
Let k(s) = -3 - 4 - 4 - 7 - 3*s**2 - 1 + 34*s. Let j be k(9). What is the highest common factor of j and 8?
4
Let n be (5/5)/(4/44). Suppose n*y + 2*p = 10*y + 118, -3*y - p = -349. Calculate the greatest common divisor of 87 and y.
29
Let g = 92 - -212. Let i = -6722 - -6738. Calculate the greatest common factor of i and g.
16
Let a = -12 - -6. Let l be (12/(-8))/(a/320). Suppose 2*z - 56 = 4*g, 2*g + 12 = -0*g. Calculate the greatest common divisor of z and l.
16
Suppose -65 + 25 = -10*g. Suppose 2*f = 2*k, 3*k = f + g*f - 8. Suppose k*o = -14 + 86. What is the greatest common factor of 6 and o?
6
Let y = 198 + -127. Suppose -52*i = -y*i + 570. Let x = 139 + -94. What is the highest common divisor of i and x?
15
Let g(m) = 342*m + 3445. Let x be g(-10). Calculate the highest common factor of x and 2675.
25
Suppose -108 = -2*r - 2*y, -13 + 5 = 4*y. Let t = 56 - r. Suppose -2*n = 4*v + n - 47, 3*v - 2*n - 48 = t. Calculate the greatest common divisor of v and 140.
14
Let k(i) = -i**2 + 12*i - 3. Let h be k(11). Let a be (-2 - 94/(-3))/((-108)/(-324)). What is the highest common factor of a and h?
8
Let g be -9 + (-32)/((-384)/540). Calculate the greatest common factor of 27 and g.
9
Let p = -878 + 505. Let r = p + 374. Calculate the highest common divisor of 31 and r.
1
Suppose 28*m - 21 - 35 = 0. Suppose 11*n - m*n = 1638. Let f = -8 - -34. What is the highest common divisor of n and f?
26
Let q(y) = -3*y**3 + 38*y + 109. Let t be q(-5). What is the highest common factor of 222 and t?
6
Let c be 11 - 71/(-5)*5. What is the greatest common divisor of c and 164?
82
Let n be 10/(-85) - 62699/119. Let z = n + 529. Calculate the highest common factor of z and 46.
2
Suppose 16 = -21*a - 68. Let k be 5/(-1) - (a - 25). Let s = 24 - 6. What is the highest common factor of k and s?
6
Let h = -6825 + 6826. Let b(a) = 0 + a**3 + 0 + 6*a**2 - 2 + 3*a. Let d be b(-5). What is the highest common divisor of d and h?
1
Let g(o) = 23*o - 1. Let p be g(2). Let q be 6/((-7)/(-4) + (-2)/(-8)). Let b be ((-1 - 2)/q)/(1/(-9)). What is the highest common factor of b and p?
9
Let x(m) = -2*m. Let n(b) = -2*b + 2. Let s(u) = -n(u) + 2*x(u). Let h be s(-28). What is the greatest common divisor of 2 and h?
2
Let g be (489 + 3 - 3) + 42 + -50. What is the highest common divisor of g and 169?
13
Let h(u) = -u**2 - 81*u - 644. Let c be h(-44). What is the highest common factor of c and 216?
24
Let c(h) = 20*h**2 + 49*h - 112. Let x(o) = 11*o**2 + 25*o - 57. Let t(y) = 6*c(y) - 11*x(y). Let q be t(13). What is the greatest common divisor of q and 3?
3
Suppose b + 286 = 5*b + 7*b. Let u be (-10)/(-6) + 3/9. Suppose -3*g + u - 7 = -t, 0 = 2*t + 2*g - 2. What is the highest common factor of b and t?
2
Suppose -67 = -2*o - 5*b, 0 = -3*o - b + 143 - 36. What is the greatest common factor of o and 6084?
36
Suppose -202*o - 10405 = -65383 + 4982 - 35854. Let l(f) = f**3 - 6*f**2 + 2*f + 5. Let c be l(6). Calculate the highest common divisor of o and c.
17
Let h = 255 + -240. Let g(a) = -a + 16. Let q be g(14). Suppose 0*w = q*w - 10. Calculate the greatest common divisor of w and h.
5
Suppose -596 - 609 = -17*j + 308. Calculate the greatest common factor of j and 12193.
89
Let q be (((-2)/30)/(130/(-975)))/((-27)/(-486)). Suppose -5*p = -162 - 3. Suppose p = 2*l - 93. What is the greatest common factor of q and l?
9
Suppose 29 = 3*n + 4*f - 37, -5*f + 87 = 4*n. Suppose 0 = n*r - 121 - 743. Calculate the greatest common divisor of 72 and r.
24
Let q(h) = 4*h**3 - 24*h**2 - 35*h - 18. Let i be q(12). Calculate the greatest common divisor of 42 and i.
6
Let c(t) = -2*t**3 + 54*t**2 + 2. Let f be c(27). Let k be (11 - 5) + (151 - f). Calculate the highest common divisor of 62 and k.
31
Let p(i) = -9*i**3 - i**2 - 2*i + 3252. Let k be p(0). Calculate the greatest common divisor of 12 and k.
12
Let y be (-15)/(-10) - 76/(-8). Let a(j) = -j**3 - 7*j**2 + 21*j - 2. Let r be a(-